 - 63*v**2 + 63*v - 82. Determine o(-64).
-18
Let l(f) = 3*f**3 + 49*f**2 - 36*f - 35. Calculate l(-17).
-1
Let u(i) = 7*i**2 + 747*i + 1290. What is u(-105)?
30
Let k(y) = -3*y - 194. Give k(-73).
25
Let q(h) = 144*h + 24. Calculate q(0).
24
Let f(x) = 3*x**3 - 1376*x**2 + 909*x + 3221. What is f(458)?
15
Let g(h) = -h**3 + 98*h**2 - 2335*h - 44. Give g(57).
70
Let q(r) = r**3 + 13*r**2 - 15*r - 178. Give q(-13).
17
Let q(j) = 66*j + 49. Determine q(-2).
-83
Let c(i) = i**3 + 7*i**2 + 4*i - 17. Give c(-3).
7
Let c(x) = -47*x - 1335. Calculate c(-27).
-66
Let s(g) = 91*g - 456. Give s(6).
90
Let t(l) = 8*l**2 + 64*l + 475. Give t(-11).
739
Let r(k) = 301*k - 958. Give r(5).
547
Let v(z) = -3*z**2 + 220*z - 1199. What is v(6)?
13
Let d(u) = 7*u + 164. Calculate d(-26).
-18
Let n(a) = -53*a**3 - 5*a**2 + 6*a - 2. Calculate n(1).
-54
Let o(r) = 33*r - 177. Calculate o(7).
54
Let o(g) = -210*g + 1482. What is o(7)?
12
Let p(f) = -1300*f + 9098. Give p(7).
-2
Let j(l) = -4*l**2 - 75*l + 399. Calculate j(-23).
8
Let c(f) = 226*f + 4. Give c(1).
230
Let c(w) = -26*w**2 + 24*w - 25. What is c(1)?
-27
Let h(r) = 55*r + 291. What is h(-3)?
126
Let l(f) = -f**3 - 35*f**2 - 61*f - 2129. Calculate l(-35).
6
Let c(a) = 20*a + 77. Calculate c(5).
177
Let o(s) = s**2 - 226*s - 1143. Calculate o(-5).
12
Let t(h) = -118*h + 7702. Calculate t(65).
32
Let y(u) = -20*u**2 - 146*u - 31. Give y(-6).
125
Let d(j) = j**3 - 8*j**2 + 103*j - 581. What is d(6)?
-35
Let v(d) = 129*d + 770. Give v(-6).
-4
Let x(d) = d**2 + 295*d + 1153. Give x(-4).
-11
Let d(n) = -5*n**2 - 360*n + 313. Determine d(-73).
-52
Let r(q) = 98*q - 657. What is r(8)?
127
Let c(n) = -3588*n - 14. Give c(0).
-14
Let t(n) = 4*n**3 - 35*n**2 + 75*n - 398. Give t(8).
10
Let h(q) = 65*q - 4702. What is h(72)?
-22
Let a(k) = 93*k - 556. What is a(6)?
2
Let t(n) = 6*n**3 - 16*n**2 - 13*n - 2. Determine t(4).
74
Let g(y) = -2*y**2 - 18*y + 119. Calculate g(7).
-105
Let f(x) = -2*x**3 - 12*x**2 - 17*x - 97. Determine f(-8).
295
Let r(s) = -242*s + 1215. Calculate r(5).
5
Let d(r) = -r**2 - 174*r + 2640. Determine d(14).
8
Let t(d) = 14*d**3 - 195*d**2 - 17*d - 26. Give t(14).
-68
Let h(t) = t**2 + 33*t + 13. What is h(-30)?
-77
Let o(m) = -m**3 + 14*m**2 + 9*m - 122. Determine o(14).
4
Let o(b) = -b**2 + 40*b + 392. Determine o(43).
263
Let a(h) = h**3 - 14*h**2 + 25*h + 108. Give a(5).
8
Let f(z) = -161*z + 167. Calculate f(1).
6
Let u(j) = -2*j**3 + 9*j**2 + 20*j + 14. What is u(7)?
-91
Let t(d) = 9*d**2 + 27*d + 11. Determine t(-4).
47
Let q(h) = h**3 + 3. Calculate q(-4).
-61
Let s(y) = -9*y**2 - 6*y - 24. What is s(8)?
-648
Let j(b) = 10*b + 418. Calculate j(-41).
8
Let h(r) = -2*r**3 + 46*r**2 - 36*r + 26. Give h(22).
202
Let y(p) = 393*p + 379. Give y(-1).
-14
Let u(s) = -3*s**3 - 106*s**2 + 74*s + 81. Give u(-36).
9
Let x(n) = -85*n + 50. Give x(4).
-290
Let q(j) = j**2 + 21*j - 220. Determine q(-28).
-24
Let v(s) = 203*s + 245. Determine v(-1).
42
Let t(f) = 2*f**3 + 10*f**2 - f + 22. Calculate t(-6).
-44
Let l(i) = i + 360. Give l(-6).
354
Let t(k) = 19*k - 37. Calculate t(-8).
-189
Let i(g) = -67*g + 1276. What is i(22)?
-198
Let d(t) = -t**2 - 7*t + 235. Determine d(13).
-25
Let x(f) = 27*f + 705. Give x(-27).
-24
Let u(b) = -2*b**3 - 88*b**2 + 8*b + 329. What is u(-44)?
-23
Let m(j) = -9*j**3 - 83*j**2 - 178*j - 11. What is m(-2)?
85
Let b(h) = h**2 + 1951*h - 69519. What is b(35)?
-9
Let s(d) = -4*d + 187. Determine s(53).
-25
Let n(z) = -z**2 - 132*z + 3199. Calculate n(21).
-14
Let r(i) = 37*i**2 + 32*i + 17. Give r(-1).
22
Let v(t) = -t**2 - 26*t + 4. Determine v(-33).
-227
Let g(z) = -z**3 + 60*z**2 - 223*z - 34. Give g(56).
22
Let l(n) = 271*n**2 - 140*n + 10. What is l(1)?
141
Let u(v) = 237*v + 8537. Determine u(-36).
5
Let y(i) = i**3 + 3*i**2 - 42*i - 13. Give y(-8).
3
Let q(v) = 13*v + 35. What is q(-3)?
-4
Let k(d) = -93*d + 1696. Calculate k(18).
22
Let k(s) = -3*s**3 - 278*s**2 + 44*s - 4566. Determine k(-93).
-9
Let h(j) = j**3 + 6*j**2 - 54*j - 29. Calculate h(5).
-24
Let i(r) = r**2 + 610*r - 4307. Calculate i(7).
12
Let r(d) = -4*d**3 - 24*d**2 - 32*d - 205. Determine r(-6).
-13
Let d(y) = 2*y**3 - 285*y**2 + 2404*y - 10. Determine d(9).
-1
Let z(p) = 2*p**3 + 38*p**2 - 25*p + 323. Determine z(-20).
23
Let m(a) = -50*a + 334. Calculate m(5).
84
Let z(p) = 80*p - 3997. Give z(50).
3
Let w(r) = 6*r**2 + 81*r. Give w(-13).
-39
Let i(s) = 678*s - 6751. Calculate i(10).
29
Let d(c) = 1296*c + 68696. Determine d(-53).
8
Let q(g) = 2*g**3 + 24*g**2 - 54*g - 7. Give q(-14).
-35
Let y(d) = -d**2 + 6*d + 12. Give y(17).
-175
Let v(w) = 20*w**3 - 300*w**2 + 3*w - 27. Determine v(15).
18
Let y(k) = -6*k**2 + 238*k + 31. Calculate y(40).
-49
Let v(f) = -27*f**2 - 93*f - 1. Calculate v(-3).
35
Let l(c) = -10360*c + 62165. Determine l(6).
5
Let d(k) = -k**3 - 70*k**2 + 71*k - 59. Calculate d(-71).
-59
Let z(x) = 2*x**2 + 2363*x - 38306. Give z(16).
14
Let a(c) = -9*c**2 + 797*c + 352. Determine a(89).
-4
Let h(q) = -q**3 + 27*q**2 - 82*q + 10. Give h(23).
240
Let q(m) = -19*m**3 + m**2 + 349*m - 350. Calculate q(1).
-19
Let h(f) = f**3 - 16*f**2 + 13*f + 20. Calculate h(15).
-10
Let g(t) = 5*t**2 + 760*t - 770. Give g(-153).
-5
Let o(m) = -6536*m + 176482. Determine o(27).
10
Let h(z) = -50*z + 1954. Give h(40).
-46
Let d(m) = -73*m**2 + 18697*m - 2299. Give d(256).
5
Let m(s) = -23*s**2 + 29*s - 2. Determine m(2).
-36
Let b(u) = -60*u - 624. Give b(-8).
-144
Let t(u) = 2*u + 449. Calculate t(-7).
435
Let y(i) = 37*i + 885. What is y(-33)?
-336
Let s(r) = r**3 - 44*r**2 + 192*r + 112. Calculate s(39).
-5
Let t(h) = -793*h - 304. Give t(-1).
489
Let i(u) = -26*u + 100. Determine i(9).
-134
Let g(c) = c**3 + 3*c**2 + 3*c + 4. Determine g(0).
4
Let t(z) = 698*z + 16786. Give t(-24).
34
Let u(v) = -v**3 + 14*v**2 - 9*v - 179. What is u(13)?
-127
Let w(h) = 90*h + 1067. Calculate w(-22).
-913
Let i(x) = -x**3 + 4*x**2 - 50*x + 53. Give i(5).
-222
Let n(p) = p**3 - 15*p**2 - 17*p + 7. Give n(16).
-9
Let a(r) = -r**2 - 22*r + 151. What is a(5)?
16
Let r(v) = -293*v + 4685. What is r(16)?
-3
Let d(p) = -140*p + 161. What is d(1)?
21
Let i(n) = -n**3 + 60*n**2 + 531*n + 876. Calculate i(68).
-8
Let a(g) = 2*g**2 + 76*g - 7200. Give a(44).
16
Let l(v) = -v**3 - 5*v**2 - 10*v - 51. Calculate l(-8).
221
Let s(k) = -206*k**2 - 56654*k - 1103. Calculate s(-275).
-3
Let q(g) = -2*g**2 - 131*g + 664. Calculate q(-70).
34
Let u(l) = l**3 - 192*l**2 - 3781*l + 225. Give u(210).
15
Let c(j) = 2*j**2 - 103*j + 399. Give c(45).
-186
Let d(q) = -7*q**2 + 261*q - 334. What is d(36)?
-10
Let m(q) = 156*q + 773. Give m(-5).
-7
Let n(i) = -5178*i - 10362. Give n(-2).
-6
Let l(a) = -198*a - 2049. Calculate l(-12).
327
Let j(y) = 204*y - 654. Determine j(3).
-42
Let w(k) = 5*k**3 - k**2 - 6*k - 14. Determine w(-2).
-46
Let p(y) = -23*y - 357. Determine p(-16).
11
Let z(n) = -95*n**2 + 1806*n - 60. Determine z(19).
-41
Let y(w) = -3*w**2 + 8*w - 30. Determine y(0).
-30
Let o(l) = -l**2 - 1405*l - 11170. Determine o(-8).
6
Let g(r) = -20*r**2 + 56*r - 54. Determine g(1).
-18
Let y(x) = 8*x**2 + 74*x + 214. Give y(-5).
44
Let k(c) = -c**2 - 16*c + 184. What is k(-26)?
-76
Let u(a) = a**2 + 13*a - 45. Calculate u(-15).
-15
Let p(v) = 263*v**2 - 164*v + 1. Determine p(2).
725
Let y(r) = r**3 - 21*r**2 - r + 424. Calculate y(20).
4
Let x(g) = -g**3 - 5*g**2 - 10*g - 8. What is x(-3)?
4
Let n(b) = b**3 - 12*b**2 + 39*b - 216. Determine n(8).
-160
Let h(q) = 2*q**3 + 109*q**2 + 657*q - 2264. Determine h(-47).
-8
Let b(l) = 2*l**3 - 2*l**2 - 16*l + 52. What is b(4)?
84
Let c(b) = b**3 + 263*b**2 - 59*b - 15534. Calculate c(-263).
-17
Let i(k) = 43*k**2 - k. Give i(-2).
174
Let q(c) = -7*c**2 + 419*c - 2976. Give q(7).
-386
Let r(s) = -2*s**2 + 45*s - 244. Calculate r(8).
-12
Let r(b) = b**2 - 124*b + 822. Determine r(7).
3
Let s(h) = 4*h**2 + 117*h + 39. Give s(-29).
10
Let o(s) = -s**3 - 2*s**2 - 26*s - 151. What is o(-4)?
-15
Let v(s) = -59*s - 6948. What is v(-118)?
14
Let g(t) = -t**2 - 116*t - 3222. What is g(-70)?
-2
Let m(z) = 2*z + 49. Determine m(-7).
35
Let v(g) = -g**3 + 11*g**2 - 2*g + 154. Calculate v(12).
-14
Let u(h) = -60*h + 51. Give u(4).
-189
Let x(l) = -4*l**2 - 31*l - 26. Calculate x(-6).
16
Let l(y) 